s the tens digit of 1530?
3
What is the units digit of 5624?
4
What is the hundreds digit of 2908?
9
What is the ten thousands digit of 15126?
1
What is the hundreds digit of 282?
2
What is the hundreds digit of 36591?
5
What is the tens digit of 6849?
4
What is the thousands digit of 5790?
5
What is the thousands digit of 6739?
6
What is the hundreds digit of 10035?
0
What is the units digit of 34962?
2
What is the units digit of 21085?
5
What is the tens digit of 436?
3
What is the thousands digit of 1467?
1
What is the units digit of 41220?
0
What is the tens digit of 785?
8
What is the tens digit of 44086?
8
What is the ten thousands digit of 16592?
1
What is the tens digit of 310?
1
What is the units digit of 4211?
1
What is the tens digit of 132041?
4
What is the tens digit of 2689?
8
What is the units digit of 1672?
2
What is the tens digit of 407?
0
What is the thousands digit of 2544?
2
What is the units digit of 20545?
5
What is the tens digit of 1110?
1
What is the hundreds digit of 8255?
2
What is the tens digit of 3345?
4
What is the tens digit of 888?
8
What is the hundreds digit of 4800?
8
What is the thousands digit of 87966?
7
What is the tens digit of 2032?
3
What is the hundreds digit of 4115?
1
What is the ten thousands digit of 44943?
4
What is the units digit of 21007?
7
What is the hundreds digit of 1452?
4
What is the thousands digit of 1735?
1
What is the thousands digit of 2421?
2
What is the hundreds digit of 29433?
4
What is the hundreds digit of 43752?
7
What is the units digit of 10946?
6
What is the tens digit of 12547?
4
What is the units digit of 91466?
6
What is the hundreds digit of 776?
7
What is the tens digit of 5611?
1
What is the units digit of 7795?
5
What is the units digit of 37745?
5
What is the units digit of 1072?
2
What is the units digit of 10527?
7
What is the thousands digit of 10576?
0
What is the hundreds digit of 893?
8
What is the units digit of 6406?
6
What is the tens digit of 140?
4
What is the tens digit of 14858?
5
What is the thousands digit of 2045?
2
What is the hundreds digit of 130417?
4
What is the thousands digit of 11587?
1
What is the hundreds digit of 115942?
9
What is the hundreds digit of 21932?
9
What is the units digit of 13940?
0
What is the tens digit of 957?
5
What is the tens digit of 72265?
6
What is the thousands digit of 2263?
2
What is the thousands digit of 13878?
3
What is the units digit of 1038?
8
What is the tens digit of 1194?
9
What is the tens digit of 126?
2
What is the units digit of 102900?
0
What is the units digit of 580?
0
What is the thousands digit of 7839?
7
What is the ten thousands digit of 46026?
4
What is the ten thousands digit of 20652?
2
What is the hundreds digit of 11529?
5
What is the tens digit of 2554?
5
What is the hundreds digit of 14641?
6
What is the tens digit of 997?
9
What is the units digit of 9284?
4
What is the thousands digit of 14831?
4
What is the ten thousands digit of 37101?
3
What is the thousands digit of 6099?
6
What is the units digit of 29064?
4
What is the hundreds digit of 12537?
5
What is the ten thousands digit of 27965?
2
What is the units digit of 12215?
5
What is the units digit of 26236?
6
What is the units digit of 8528?
8
What is the hundreds digit of 29733?
7
What is the hundreds digit of 9481?
4
What is the thousands digit of 32164?
2
What is the units digit of 24937?
7
What is the ten thousands digit of 32853?
3
What is the units digit of 1303?
3
What is the tens digit of 147260?
6
What is the hundreds digit of 15791?
7
What is the hundreds digit of 831?
8
What is the ten thousands digit of 93653?
9
What is the units digit of 99394?
4
What is the tens digit of 887?
8
What is the thousands digit of 2667?
2
What is the thousands digit of 2281?
2
What is the hundreds digit of 1244?
2
What is the tens digit of 220?
2
What is the hundreds digit of 351?
3
What is the tens digit of 2780?
8
What is the ten thousands digit of 90270?
9
What is the thousands digit of 6815?
6
What is the units digit of 275?
5
What is the units digit of 1320?
0
What is the units digit of 1244?
4
What is the tens digit of 1194?
9
What is the hundreds digit of 301?
3
What is the units digit of 4343?
3
What is the units digit of 4360?
0
What is the tens digit of 62295?
9
What is the thousands digit of 3310?
3
What is the thousands digit of 2983?
2
What is the units digit of 410?
0
What is the thousands digit of 1660?
1
What is the hundreds digit of 887?
8
What is the tens digit of 880?
8
What is the units digit of 908?
8
What is the tens digit of 19690?
9
What is the units digit of 26747?
7
What is the thousands digit of 2795?
2
What is the units digit of 1576?
6
What is the units digit of 9276?
6
What is the units digit of 173?
3
What is the tens digit of 8904?
0
What is the thousands digit of 3657?
3
What is the ten thousands digit of 49184?
4
What is the tens digit of 3032?
3
What is the tens digit of 701?
0
What is the tens digit of 9112?
1
What is the hundreds digit of 16432?
4
What is the hundreds digit of 1921?
9
What is the hundreds digit of 4477?
4
What is the tens digit of 47042?
4
What is the units digit of 8310?
0
What is the tens digit of 14561?
6
What is the hundreds digit of 25271?
2
What is the tens digit of 42141?
4
What is the units digit of 6499?
9
What is the tens digit of 2815?
1
What is the units digit of 7372?
2
What is the thousands digit of 3087?
3
What is the hundreds digit of 869?
8
What is the tens digit of 10720?
2
What is the hundreds digit of 37315?
3
What is the hundreds digit of 8754?
7
What is the tens digit of 421?
2
What is the hundred thousands digit of 102168?
1
What is the units digit of 1823?
3
What is the hundreds digit of 5719?
7
What is the hundreds digit of 2600?
6
What is the tens digit of 1113?
1
What is the units digit of 1544?
4
What is the thousands digit of 96290?
6
What is the thousands digit of 3128?
3
What is the tens digit of 353?
5
What is the units digit of 558?
8
What is the hundreds digit of 3744?
7
What is the hundreds digit of 4060?
0
What is the tens digit of 1176?
7
What is the hundreds digit of 563?
5
What is the tens digit of 1826?
2
What is the hundreds digit of 41211?
2
What is the hundred thousands digit of 134312?
1
What is the hundreds digit of 4581?
5
What is the units digit of 94774?
4
What is the tens digit of 937?
3
What is the hundreds digit of 1682?
6
What is the tens digit of 14778?
7
What is the tens digit of 403?
0
What is the units digit of 2258?
8
What is the units digit of 440?
0
What is the units digit of 20920?
0
What is the units digit of 1165?
5
What is the units digit of 716?
6
What is the hundreds digit of 2078?
0
What is the hundreds digit of 53923?
9
What is the ten thousands digit of 77914?
7
What is the units digit of 1?
1
What is the hundreds digit of 4852?
8
What is the hundreds digit of 525?
5
What is the hundreds digit of 1093?
0
What is the ten thousands digit of 18955?
1
What is the hundreds digit of 320?
3
What is the thousands digit of 1846?
1
What is the ten thousands digit of 49926?
4
What is the thousands digit of 4421?
4
What is the tens digit of 73005?
0
What is the tens digit of 1179?
7
What is the hundreds digit of 381?
3
What is the thousands digit of 5785?
5
What is the tens digit of 33049?
4
What is the thousands digit of 1986?
1
What is the thousands digit of 4224?
4
What is the thousands digit of 11308?
1
What is the units digit of 880?
0
What is the hundreds digit of 27578?
5
What is the units digit of 497?
7
What is the thousands digit of 2092?
2
What is the thousands digit of 1876?
1
What is the units digit of 98067?
7
What is the units digit of 39284?
4
What is the tens digit of 145210?
1
What is the tens digit of 78664?
6
What is the tens digit of 329?
2
What is the tens digit of 4338?
3
What is the units digit of 666?
6
What is the units digit of 553?
3
What is the tens digit of 20269?
6
What is the units digit of 18024?
4
What is the hundreds digit of 98919?
9
What is the thousands digit of 2065?
2
What is the hundreds digit of 3053?
0
What is the thousands digit of 1316?
1
What is the thousands digit of 1454?
1
What is the units digit of 817?
7
What is the tens digit of 4751?
5
What is the units digit of 51411?
1
